{"id":1427,"date":"2009-03-07T18:05:51","date_gmt":"2009-03-07T16:05:51","guid":{"rendered":"http:\/\/birds.nature4stock.com\/?page_id=1427"},"modified":"2009-03-07T18:38:22","modified_gmt":"2009-03-07T16:38:22","slug":"mergus-serrator","status":"publish","type":"page","link":"http:\/\/birds.nature4stock.com\/?page_id=1427","title":{"rendered":"<i>Mergus serrator<\/i>"},"content":{"rendered":"<p>RO: Fer\u0103stra\u015f mo\u0163at<br \/>\nDE: Mittels\u00e4ger<br \/>\nEN: Red-breasted Merganser<\/p>\n<p><a href=\"http:\/\/birds.nature4stock.com\/wp-content\/uploads\/2009\/03\/mergus-serrator-img_8216.jpg\"><img loading=\"lazy\" decoding=\"async\" class=\"alignnone size-thumbnail wp-image-1428\" title=\"Red-breasted Merganser (&lt;i&gt;Mergus serrator&lt;\/i&gt;), male adult\" src=\"http:\/\/birds.nature4stock.com\/wp-content\/uploads\/2009\/03\/mergus-serrator-img_8216-150x150.jpg\" alt=\"Red-breasted Merganser (&lt;i&gt;Mergus serrator&lt;\/i&gt;), male adult\" width=\"150\" height=\"150\" \/><\/a><\/p>\n<!-- AddThis Advanced Settings generic via filter on the_content --><!-- AddThis Share Buttons generic via filter on the_content -->","protected":false},"excerpt":{"rendered":"<p>RO: Fer\u0103stra\u015f mo\u0163at DE: Mittels\u00e4ger EN: Red-breasted Merganser<!-- AddThis Advanced Settings generic via filter on get_the_excerpt --><!-- AddThis Share Buttons generic via filter on get_the_excerpt --><\/p>\n","protected":false},"author":3,"featured_media":0,"parent":19,"menu_order":0,"comment_status":"open","ping_status":"open","template":"","meta":{"footnotes":""},"categories":[1],"tags":[266,117,267,268],"class_list":["post-1427","page","type-page","status-publish","hentry","category-uncategorized","tag-ferastras-motat","tag-mergus-serrator","tag-mittelsager","tag-red-breasted-merganser"],"_links":{"self":[{"href":"http:\/\/birds.nature4stock.com\/index.php?rest_route=\/wp\/v2\/pages\/1427","targetHints":{"allow":["GET"]}}],"collection":[{"href":"http:\/\/birds.nature4stock.com\/index.php?rest_route=\/wp\/v2\/pages"}],"about":[{"href":"http:\/\/birds.nature4stock.com\/index.php?rest_route=\/wp\/v2\/types\/page"}],"author":[{"embeddable":true,"href":"http:\/\/birds.nature4stock.com\/index.php?rest_route=\/wp\/v2\/users\/3"}],"replies":[{"embeddable":true,"href":"http:\/\/birds.nature4stock.com\/index.php?rest_route=%2Fwp%2Fv2%2Fcomments&post=1427"}],"version-history":[{"count":5,"href":"http:\/\/birds.nature4stock.com\/index.php?rest_route=\/wp\/v2\/pages\/1427\/revisions"}],"predecessor-version":[{"id":1432,"href":"http:\/\/birds.nature4stock.com\/index.php?rest_route=\/wp\/v2\/pages\/1427\/revisions\/1432"}],"up":[{"embeddable":true,"href":"http:\/\/birds.nature4stock.com\/index.php?rest_route=\/wp\/v2\/pages\/19"}],"wp:attachment":[{"href":"http:\/\/birds.nature4stock.com\/index.php?rest_route=%2Fwp%2Fv2%2Fmedia&parent=1427"}],"wp:term":[{"taxonomy":"category","embeddable":true,"href":"http:\/\/birds.nature4stock.com\/index.php?rest_route=%2Fwp%2Fv2%2Fcategories&post=1427"},{"taxonomy":"post_tag","embeddable":true,"href":"http:\/\/birds.nature4stock.com\/index.php?rest_route=%2Fwp%2Fv2%2Ftags&post=1427"}],"curies":[{"name":"wp","href":"https:\/\/api.w.org\/{rel}","templated":true}]}}